{"id":124,"date":"2014-11-17T16:00:06","date_gmt":"2014-11-17T14:00:06","guid":{"rendered":"http:\/\/www.adpmf30.fr\/?page_id=124"},"modified":"2019-11-02T22:56:52","modified_gmt":"2019-11-02T20:56:52","slug":"presse","status":"publish","type":"page","link":"https:\/\/www.adpmf30.fr\/?page_id=124","title":{"rendered":"Presse"},"content":{"rendered":"<p><strong><a href=\"https:\/\/www.francebleu.fr\/emissions\/le-dossier-du-jour-de-france-bleu-drome-ardeche\/drome-ardeche\/la-mediation-familiale\">Dossier : La m\u00e9diation familiale, sur France Bleue<\/a><\/strong><\/p>\n<p><a href=\"https:\/\/www.google.com\/url?rct=j&amp;sa=t&amp;url=http:\/\/www.notretemps.com\/droit\/logement\/conflits-mediation-solution-rapide,i69192&amp;ct=ga&amp;cd=CAEYASoUMTEwODEzODMyNDIxNDQ4NjcxODMyGTU0ODcxMTY2ZDEyMGNlNmE6ZnI6ZnI6RlI&amp;usg=AFQjCNGkJmWnQGpK4cKS_SjSoXjsIuZznw\"><strong><span style=\"color: #3366ff;\">Conflits : la m\u00e9diation, une solution rapide et \u00e9quitable<\/span><\/strong><\/a><\/p>\n","protected":false},"excerpt":{"rendered":"<p>Dossier : La m\u00e9diation familiale, sur France Bleue Conflits : la m\u00e9diation, une solution rapide et \u00e9quitable<\/p>\n","protected":false},"author":1,"featured_media":0,"parent":0,"menu_order":0,"comment_status":"closed","ping_status":"open","template":"","meta":[],"_links":{"self":[{"href":"https:\/\/www.adpmf30.fr\/index.php?rest_route=\/wp\/v2\/pages\/124"}],"collection":[{"href":"https:\/\/www.adpmf30.fr\/index.php?rest_route=\/wp\/v2\/pages"}],"about":[{"href":"https:\/\/www.adpmf30.fr\/index.php?rest_route=\/wp\/v2\/types\/page"}],"author":[{"embeddable":true,"href":"https:\/\/www.adpmf30.fr\/index.php?rest_route=\/wp\/v2\/users\/1"}],"replies":[{"embeddable":true,"href":"https:\/\/www.adpmf30.fr\/index.php?rest_route=%2Fwp%2Fv2%2Fcomments&post=124"}],"version-history":[{"count":0,"href":"https:\/\/www.adpmf30.fr\/index.php?rest_route=\/wp\/v2\/pages\/124\/revisions"}],"wp:attachment":[{"href":"https:\/\/www.adpmf30.fr\/index.php?rest_route=%2Fwp%2Fv2%2Fmedia&parent=124"}],"curies":[{"name":"wp","href":"https:\/\/api.w.org\/{rel}","templated":true}]}}