{"id":99,"date":"2014-02-20T15:39:11","date_gmt":"2014-02-20T13:39:11","guid":{"rendered":"http:\/\/www.adpmf30.fr\/?page_id=99"},"modified":"2015-09-03T10:45:06","modified_gmt":"2015-09-03T08:45:06","slug":"documentation","status":"publish","type":"page","link":"https:\/\/www.adpmf30.fr\/?page_id=99","title":{"rendered":"Documentation"},"content":{"rendered":"<div>\n<div><\/div>\n<div>\n<div>Simulateur de pension, garantie d\u2019impay\u00e9s\u2026 la ministre des Droits des femmes et la ministre d\u00e9l\u00e9gu\u00e9e charg\u00e9e de la Famille ont pr\u00e9sent\u00e9 les exp\u00e9rimentations pr\u00e9vues dans le projet de loi pour l\u2019\u00e9galit\u00e9 entre les femmes et les hommes.<\/div>\n<div>\n<p><img alt=\"La ministre de la Famille estime qu' une r\u00e9forme de la m\u00e9diation familiale est n\u00e9cessaire, ce qui permettra le meilleur paiement des pensions alimentaires et la meilleure application des d\u00e9cisions de justice.\" src=\"http:\/\/www.lerevenu.com\/images\/df95d187a0ce1788f1f5af64883cba7a.jpg\" \/> La ministre de la Famille estime qu&rsquo; une r\u00e9forme de la m\u00e9diation familiale est n\u00e9cessaire, ce qui permettra le meilleur paiement des pensions alimentaires et la meilleure application des d\u00e9cisions de justice. (DR)<\/p>\n<div>\n<p><b>La ministre des Droits des femmes, Najat Vallaud-Belkacem, a pr\u00e9sent\u00e9 le nouveau simulateur en ligne <\/b>qui permettra aux familles de calculer le montant de la pension alimentaire tel qu\u2019il r\u00e9sulte de la grille indicative \u00e9labor\u00e9e par le minist\u00e8re de la Justice.<\/p>\n<p>Ce simulateur est disponible \u00e0 l\u2019adresse suivante : <a href=\"http:\/\/www.lerevenu.com\/vie-pratique\/2014021352fcdeeeea2e3\/vers-une-garantie-contre-les-impayes-des-pensions-alimentaires\">http:\/\/femmes.gouv.fr\/simulateur-de-pension-alimentaire\/<\/a><\/p>\n<p>La ministre d\u00e9l\u00e9gu\u00e9e charg\u00e9e de la Famille, Dominique Bertinotti, a rappel\u00e9 que le montant de l\u2019Allocation de soutien familial sera progressivement major\u00e9 de 25% d\u2019ici 2018 :<b> l\u2019ASF passera de 90 euros par mois et par enfant \u00e0 120 euros.<\/b> La premi\u00e8re revalorisation aura lieu le 1<sup>er<\/sup> avril 2014 : l\u2019ASF sera port\u00e9e \u00e0 95 euros au moins, ce qui repr\u00e9sente un gain d\u2019environ 60 euros par an et par enfant.<\/p>\n<p>La ministre de la Famille a par ailleurs appel\u00e9 de ses v\u0153ux une n\u00e9cessaire r\u00e9forme de la m\u00e9diation familiale qui permettra \u00e9galement le meilleur paiement des pensions alimentaires et la meilleure application des d\u00e9cisions de justice.<\/p>\n<p><b>La liste des d\u00e9partements qui exp\u00e9rimenteront la garantie contre les impay\u00e9s de pensions alimentaires \u00e0 compter du 1<sup>er<\/sup> juillet 2014 a \u00e9t\u00e9 d\u00e9voil\u00e9e :<\/b> Ain, Aube, Charente, Corr\u00e8ze, C\u00f4tes d\u2019Armor, Finist\u00e8re, Haute-Garonne, H\u00e9rault, Indre-et-Loire, Loire-Atlantique, Haute-Marne, Meurthe-et-Moselle, Morbihan, Pas-de-Calais, Rh\u00f4ne, Sa\u00f4ne-et-Loire, Paris, Seine-et-Marne, Territoire de Belfort et La R\u00e9union.<\/p>\n<\/div>\n<\/div>\n<\/div>\n<\/div>\n","protected":false},"excerpt":{"rendered":"<p>Simulateur de pension, garantie d\u2019impay\u00e9s\u2026 la ministre des Droits des femmes et la ministre d\u00e9l\u00e9gu\u00e9e charg\u00e9e de la Famille ont pr\u00e9sent\u00e9 les exp\u00e9rimentations pr\u00e9vues dans le projet de loi pour l\u2019\u00e9galit\u00e9 entre les femmes et les hommes. La ministre de &hellip; <a href=\"https:\/\/www.adpmf30.fr\/?page_id=99\">Continuer la lecture <span class=\"meta-nav\">&rarr;<\/span><\/a><\/p>\n","protected":false},"author":1,"featured_media":0,"parent":0,"menu_order":0,"comment_status":"closed","ping_status":"open","template":"","meta":[],"_links":{"self":[{"href":"https:\/\/www.adpmf30.fr\/index.php?rest_route=\/wp\/v2\/pages\/99"}],"collection":[{"href":"https:\/\/www.adpmf30.fr\/index.php?rest_route=\/wp\/v2\/pages"}],"about":[{"href":"https:\/\/www.adpmf30.fr\/index.php?rest_route=\/wp\/v2\/types\/page"}],"author":[{"embeddable":true,"href":"https:\/\/www.adpmf30.fr\/index.php?rest_route=\/wp\/v2\/users\/1"}],"replies":[{"embeddable":true,"href":"https:\/\/www.adpmf30.fr\/index.php?rest_route=%2Fwp%2Fv2%2Fcomments&post=99"}],"version-history":[{"count":0,"href":"https:\/\/www.adpmf30.fr\/index.php?rest_route=\/wp\/v2\/pages\/99\/revisions"}],"wp:attachment":[{"href":"https:\/\/www.adpmf30.fr\/index.php?rest_route=%2Fwp%2Fv2%2Fmedia&parent=99"}],"curies":[{"name":"wp","href":"https:\/\/api.w.org\/{rel}","templated":true}]}}